the prime factors of s(-4).
3
Let g be (-3)/(-4) - (-195)/12. Let n = 29 - g. Suppose i = -2*k + 9, -n = 3*i + 3*k - 33. What are the prime factors of i?
5
Suppose -2*w + 315 = w + i, -2*w - 2*i + 214 = 0. Suppose -7*f = -3*f - w. What are the prime factors of f?
2, 13
Suppose -4*z + 62 = -34. What are the prime factors of z?
2, 3
List the prime factors of 40/3*588/28.
2, 5, 7
Let k be 6/10 - 6/(-15). List the prime factors of k/((4/17)/4).
17
Suppose 0 = -5*w - 4*c - 80 + 621, -2*w + 5*c + 223 = 0. List the prime factors of w.
109
Let o = -13 - -19. List the prime factors of o.
2, 3
Let h be (-4)/(-14) - 2/7. Suppose 5*z - 2*z = h. Suppose -5*i = 3*q - z*i - 2, 0 = q + 3*i + 2. What are the prime factors of q?
2
Suppose 3*c - 2*d - 59 = 0, 0 = 3*c - 7*c - 3*d + 73. Let j(w) = 2*w + 1. Let z be j(-7). Let a = z + c. List the prime factors of a.
2, 3
Let f = 0 + 4. Suppose -3*c - 1 = f*k - 8, 16 = -c - 5*k. What are the prime factors of c?
3
Let h = -11 - -6. List the prime factors of -3 + 4 - (h - -2).
2
Suppose -15 = 4*w - 87. Suppose 5*f = 77 + w. List the prime factors of f.
19
Suppose 0 = -5*s + 3*s + y + 15, 2*s + 3*y = 3. List the prime factors of 57/s - 4/(-8).
2, 5
Suppose 15 = -3*k - 0. Let d = 11 + k. List the prime factors of (-2)/(-6) + 10/d.
2
Let a(o) = -11*o + 1. Let i be a(1). Let f be 11/2 - (-5)/i. Suppose -65 - f = -5*q. List the prime factors of q.
2, 7
Suppose -5*i - 2*x = -460, i - 2*i + 2*x + 80 = 0. What are the prime factors of i?
2, 3, 5
Suppose 2*d + 110 = 2*q, -4*d - d - 101 = -2*q. What are the prime factors of q?
2, 29
Suppose 5*i = 4*g - 721, 6*i + 181 = g + 5*i. What are the prime factors of g?
2, 23
Let s be 0 - (9/3)/(-3). Suppose -x - s = -15. List the prime factors of x.
2, 7
Suppose 4*r = 3*a - 129, 3*a + 6*r - 129 = 5*r. Suppose 2*y = y + a. List the prime factors of y.
43
Suppose d + 10 = 3*f, -d - 18 = -0*d - 5*f. Suppose d*x - 58 = -0*x. What are the prime factors of x?
29
Let x be 114/8 + 4/(-16). Let i = -15 - x. Let a = 40 + i. List the prime factors of a.
11
Let y = 221 + -158. List the prime factors of y.
3, 7
Suppose -295 = 6*d - 1591. List the prime factors of d.
2, 3
Suppose 6*t - 55 = t. Suppose -5*f + t = 46. Let c = 12 - f. List the prime factors of c.
19
Suppose 0*t + 5*t = 0. Suppose -48 = -t*r - 4*r. What are the prime factors of r?
2, 3
Let j(t) = 2*t**2 - 3*t + 3. Let z be j(2). Suppose -d = 1, -z*y - 14 = -4*d + 32. List the prime factors of y/45 + 20/9.
2
Let i(n) = 3*n**2 + 6*n - 8. Let s(w) = -w**2 - 2*w + 3. Let u(k) = -2*i(k) - 7*s(k). List the prime factors of u(-5).
2, 5
Let n(t) = 9*t**3 - t**2 + 2*t - 1. Let q(r) = -11*r - 6*r**2 + 2 - r**3 - 1 + 6*r. Let b be q(-5). What are the prime factors of n(b)?
3
Let f be (-5 + 7)*6/(-4). Let u = f + 5. What are the prime factors of u?
2
Let i(z) = -z**2 + 6. Let b be i(0). Let y(w) = 2*w**3 - 3*w**2 + w - 2. Let f be y(2). Let o = b - f. List the prime factors of o.
2
Suppose 0 = -2*r + 3*m + 17 - 0, -29 = -4*r + 5*m. Let t = r + 2. What are the prime factors of 68/6 + 2/t?
2, 3
Suppose -186 = 12*w - 13*w. List the prime factors of w.
2, 3, 31
Let f(y) = y**2 + 5*y + 10. What are the prime factors of f(-4)?
2, 3
Let w(u) = -u**2 - 7*u - 3. Let x be w(-6). Suppose 38 = x*l + 14. What are the prime factors of l?
2
Suppose w = -3 - 1. Let j = -1 - w. Suppose j*t - 1 = 14. List the prime factors of t.
5
Let f(y) = -y. Let w(s) = 8*s**3 - 4*s. Let h(l) = 3*f(l) - w(l). Let p be h(-1). Suppose t - 3 = p. List the prime factors of t.
2, 5
Let f(d) = -3 + 0*d**2 - d**2 - 11*d - 6. List the prime factors of f(-8).
3, 5
Let g(f) = -3*f + f**2 + 0*f + 0*f**2 - 3 + f. What are the prime factors of g(-2)?
5
Let o = 312 - 187. What are the prime factors of o?
5
Let a(f) = -27*f + 3. What are the prime factors of a(-2)?
3, 19
Let j(i) be the first derivative of -i - 1/2*i**2 + 1. What are the prime factors of j(-4)?
3
Let t(h) = h**2 + 8*h + 17. List the prime factors of t(-10).
37
Suppose v - 530 = -4*v. List the prime factors of v.
2, 53
Suppose l + 9 = -1. Let z be (l - -7) + 1*-15. Let n = 32 + z. What are the prime factors of n?
2, 7
Let x be 6/(-33) - 35/(-11). Suppose -2*i = -3*u - i + 57, -x*i + 9 = u. What are the prime factors of u?
2, 3
Let s(f) be the second derivative of f**4/6 - 2*f**3/3 + f**2/2 + 2*f. Let d be s(3). Let b(k) = -k**3 + 6*k**2 + 8*k + 2. What are the prime factors of b(d)?
3
Let t(u) be the first derivative of -u**2/2 + 7*u + 9. Suppose 17 = 5*c - 8. List the prime factors of t(c).
2
Let a(m) = m**3 - 6*m**2 - 5*m - 4. Let g be a(7). Suppose 0 = 2*u - 4*u + g. List the prime factors of u.
5
Suppose -75 - 15 = -2*u - 4*h, 0 = -5*u - 3*h + 253. List the prime factors of u.
53
Suppose 5*d - 4 = 6*d. Let c(k) = k**2 + 2*k - 3. List the prime factors of c(d).
5
Let q = 4 + -4. Let r(k) = -3 + 8*k**2 + q + 4. List the prime factors of r(1).
3
Let n be 10/(-35) + (-340)/(-14). What are the prime factors of (39/9)/(2/n)?
2, 13
Let f(t) be the first derivative of t**3/3 - t**2/2 + 2. Let i be f(3). What are the prime factors of (3/2)/(i/8)?
2
Let b(y) = 3*y - 8. List the prime factors of b(4).
2
Let n(c) = -c**2 + 7*c + 2. Let r be n(7). Let s = -31 + 32. Let w = s + r. List the prime factors of w.
3
Let t be (-1165)/(-15) + (-2)/(-6). Let v = -18 + t. What are the prime factors of v?
2, 3, 5
Let g(p) = -p**3 - 7*p**2 - 2*p - 9. Let a be g(-7). Suppose 3*c = -2 + a. List the prime factors of 5 + c/1*-1.
2
Suppose 3 = 3*c, 4*g - 8*g = 2*c - 346. What are the prime factors of g?
2, 43
Suppose -n + 2*k + 42 = 0, 0 = -n - 4*n + 3*k + 196. What are the prime factors of n?
2, 19
Let k(t) = 34*t**2 - 2*t - 2. List the prime factors of k(2).
2, 5, 13
Let t(y) be the first derivative of y**3/3 - 3*y**2/2 - 7*y + 1. Let h be t(5). Suppose -o = -h*g - 11, -6*o + 3*o + 4*g = -23. What are the prime factors of o?
5
Let p(i) = -12*i. Suppose -12 = b + 3*v + 6, -2*v = 10. What are the prime factors of p(b)?
2, 3
Suppose 0 = 6*v - v + 15. Let q = v - -1. What are the prime factors of q/(-5) - 96/(-10)?
2, 5
Let i(q) = 5*q**2 - 2*q + 4*q + 4*q**2 - 3*q. List the prime factors of i(1).
2
Let u = 23 - 27. Let d be 21/2 - (-2)/4. Let n = d + u. List the prime factors of n.
7
Suppose -4*g + j = -9, -g + j = 2 - 5. Suppose 10 + 4 = g*t. Suppose -4 = 4*x, -3*n + t*n - 5*x = 21. List the prime factors of n.
2
Let l = -5 + 8. Suppose c - 72 = -4*c - l*g, -g + 59 = 4*c. List the prime factors of c.
3, 5
Suppose 0 = 4*g + 5*w - 2 - 5, -w - 1 = 0. Suppose g*j + 16 = 5*j. List the prime factors of j.
2
Suppose -6*t + 175 = -t. List the prime factors of t.
5, 7
List the prime factors of (((-225)/(-6))/5)/((-12)/(-224)).
2, 5, 7
Let r(w) = 2*w**3 - 5*w**2 + 4*w - 4. List the prime factors of r(3).
17
Suppose -3*m - 10 = -8*m. Let z be 36/1 + 4/m. Suppose -2 = 3*t - z. What are the prime factors of t?
2, 3
Suppose 3*h - 19 - 81 = 4*g, -3*g = -15. What are the prime factors of h?
2, 5
Suppose 121 = 5*w - 54. List the prime factors of w.
5, 7
Suppose -18 = -3*s - 5*z - 0, 0 = z - 3. Suppose 2*a - s = 5. Suppose a*v = 4*v - 12. List the prime factors of v.
2, 3
What are the prime factors of ((-2)/5)/(16/(-2000))?
2, 5
Let h(l) = -l**3 - 13*l**2 - 4*l - 11. List the prime factors of h(-13).
41
Let z = -6 + 10. Let w(a) = 4*a + 1. List the prime factors of w(z).
17
Let d be (5 + 4)*(-1)/1. Let c be 138/d*3/(-2). Suppose -m = -0*m - 4*o - c, 2*m - 37 = 5*o. List the prime factors of m.
11
Let p(c) = c**2 + 9*c + 8. Let l be p(-8). Suppose l*j = 5*j - 10. What are the prime factors of j?
2
Suppose -2*q = -q - 9. Let k be 43/q - 4/(-18). Suppose 5*w - 27 = 3*w + v, -k*v = 15. List the prime factors of w.
2, 3
What are the prime factors of ((-2)/6)/((-7)/126)?
2, 3
Let z(j) be the first derivative of -j**4/4 + 4*j**3/3 + 2*j**2 + 3*j - 1. What are the prime factors of z(-2)?
19
Let y be -2 + 5 - 4 - -2. List the prime factors of 1 + -1 + (16 - y).
3, 5
Let c be 308/20 + (-2)/5. Suppose 3*n = 3*h + c, n + 3*h = -n + 35. List the prime factors of n.
2, 5
What are the prime factors of 75*(2/(-6) - -2)?
5
What are the prime factors of (3 - (-6 + -4))*1?
13
Let d = 1126 - 785. What are the prime factors of d?
11, 31
Let u(d) = 6*d + 2*d + 16 + 0*d - 7*d. What are the p